e remainder when 1626437 is divided by 8471.
5
Calculate the remainder when 2053995 is divided by 2053970.
25
Calculate the remainder when 258857 is divided by 42.
11
Calculate the remainder when 85553 is divided by 90.
53
What is the remainder when 36939 is divided by 36782?
157
Calculate the remainder when 23789230 is divided by 274.
2
Calculate the remainder when 24266590 is divided by 288.
286
What is the remainder when 13156425 is divided by 4385475?
0
What is the remainder when 1414355 is divided by 5893?
35
Calculate the remainder when 3310028 is divided by 14843.
39
What is the remainder when 935642045 is divided by 6028?
6025
Calculate the remainder when 5925478 is divided by 1975127.
97
What is the remainder when 630837 is divided by 177?
9
What is the remainder when 16110786 is divided by 3222147?
51
What is the remainder when 3515500 is divided by 265?
10
What is the remainder when 5823988 is divided by 397?
395
What is the remainder when 76215 is divided by 10441?
3128
Calculate the remainder when 174759 is divided by 82123.
10513
What is the remainder when 54639146 is divided by 75?
71
What is the remainder when 10407938 is divided by 1834?
1822
What is the remainder when 63047122 is divided by 697?
684
Calculate the remainder when 371888 is divided by 1946.
202
Calculate the remainder when 457935 is divided by 299.
166
What is the remainder when 150962054 is divided by 170?
14
Calculate the remainder when 76877112 is divided by 22.
4
Calculate the remainder when 232668 is divided by 38638.
840
What is the remainder when 538765 is divided by 5035?
20
Calculate the remainder when 101695783 is divided by 518.
469
What is the remainder when 62697 is divided by 18253?
7938
What is the remainder when 5220747 is divided by 351?
324
What is the remainder when 28439280 is divided by 2889?
2853
Calculate the remainder when 389281 is divided by 194518.
245
Calculate the remainder when 132085 is divided by 3886.
3847
Calculate the remainder when 9000780 is divided by 35.
5
Calculate the remainder when 4485662 is divided by 747605.
32
Calculate the remainder when 278377 is divided by 22312.
10633
Calculate the remainder when 141042 is divided by 28095.
567
What is the remainder when 23970798 is divided by 3231?
9
What is the remainder when 167233 is divided by 1724?
5
Calculate the remainder when 16406659 is divided by 1470.
1459
What is the remainder when 1168745 is divided by 760?
625
What is the remainder when 1704745 is divided by 143?
42
What is the remainder when 70678 is divided by 8?
6
What is the remainder when 8579629 is divided by 175093?
72
What is the remainder when 336463645 is divided by 168231821?
3
What is the remainder when 2448307 is divided by 612074?
11
Calculate the remainder when 526506 is divided by 22873.
427
Calculate the remainder when 1074359998 is divided by 96.
94
What is the remainder when 4268861 is divided by 98?
79
Calculate the remainder when 12862391 is divided by 455.
451
Calculate the remainder when 344209 is divided by 57367.
7
Calculate the remainder when 11400552 is divided by 15.
12
What is the remainder when 44493067 is divided by 294?
283
What is the remainder when 24695812 is divided by 6?
4
Calculate the remainder when 68783438 is divided by 51.
44
Calculate the remainder when 241992 is divided by 120778.
436
Calculate the remainder when 15798 is divided by 3107.
263
What is the remainder when 44565 is divided by 5342?
1829
What is the remainder when 341222283 is divided by 2565581?
10
Calculate the remainder when 4242963 is divided by 43.
24
Calculate the remainder when 147474 is divided by 542.
50
What is the remainder when 117970 is divided by 2409?
2338
What is the remainder when 7991663 is divided by 19?
16
Calculate the remainder when 36475 is divided by 6060.
115
Calculate the remainder when 1379943 is divided by 3760.
23
Calculate the remainder when 11723172 is divided by 172398.
108
What is the remainder when 1006513 is divided by 335482?
67
Calculate the remainder when 3852776 is divided by 11.
4
Calculate the remainder when 5908397 is divided by 3519.
3515
What is the remainder when 12767829 is divided by 23005?
54
What is the remainder when 261288 is divided by 52247?
53
Calculate the remainder when 43499435 is divided by 8827.
8806
Calculate the remainder when 122831316 is divided by 119.
111
Calculate the remainder when 591837 is divided by 1972.
237
Calculate the remainder when 825901 is divided by 37540.
21
Calculate the remainder when 7691760 is divided by 153834.
60
Calculate the remainder when 131785187 is divided by 11.
6
Calculate the remainder when 21584697 is divided by 642.
15
What is the remainder when 603691 is divided by 880?
11
Calculate the remainder when 1747558 is divided by 3093.
13
What is the remainder when 112973 is divided by 332?
93
Calculate the remainder when 23942 is divided by 2923.
558
What is the remainder when 9065832 is divided by 200?
32
What is the remainder when 2385715 is divided by 6854?
523
What is the remainder when 1527596 is divided by 763787?
22
What is the remainder when 371473 is divided by 604?
13
Calculate the remainder when 109674 is divided by 5721.
975
What is the remainder when 20778 is divided by 5221?
5115
What is the remainder when 9305578 is divided by 23?
8
Calculate the remainder when 1081103 is divided by 105.
23
Calculate the remainder when 3483827 is divided by 580636.
11
What is the remainder when 48457980 is divided by 9691581?
75
What is the remainder when 580452 is divided by 48371?
0
Calculate the remainder when 108004 is divided by 11990.
94
What is the remainder when 172406497 is divided by 7037?
7034
What is the remainder when 5690798 is divided by 406485?
8
Calculate the remainder when 34448367 is divided by 9644.
9643
Calculate the remainder when 244616704 is divided by 23.
20
Calculate the remainder when 969939 is divided by 551.
179
What is the remainder when 143019 is divided by 5284?
351
What is the remainder when 86135166 is divided by 28?
26
Calculate the remainder when 2215858 is divided by 90.
58
What is the remainder when 2785116 is divided by 464184?
12
What is the remainder when 755644 is divided by 1973?
1958
What is the remainder when 6702603 is divided by 7565?
13
What is the remainder when 16120566 is divided by 890?
886
What is the remainder when 210706 is divided by 1308?
118
What is the remainder when 468842787 is divided by 205?
202
What is the remainder when 1638131 is divided by 368?
163
What is the remainder when 4211709 is divided by 191?
159
What is the remainder when 754015 is divided by 37694?
135
Calculate the remainder when 81902864 is divided by 40951431.
2
Calculate the remainder when 55138495 is divided by 250.
245
What is the remainder when 25492035 is divided by 63413?
9
What is the remainder when 921686 is divided by 1418?
1404
Calculate the remainder when 1125077 is divided by 511.
366
Calculate the remainder when 3530478 is divided by 1765236.
6
Calculate the remainder when 1097145 is divided by 548514.
117
What is the remainder when 2126839 is divided by 708934?
37
Calculate the remainder when 108155 is divided by 111.
41
What is the remainder when 152227644 is divided by 13?
10
Calculate the remainder when 401569 is divided by 33028.
5233
Calculate the remainder when 558393636 is divided by 1537.
1536
What is the remainder when 1385831 is divided by 13721?
10
What is the remainder when 124395 is divided by 2824?
139
Calculate the remainder when 193805128 is divided by 828227.
10
Calculate the remainder when 406175 is divided by 179.
24
Calculate the remainder when 67209 is divided by 1723.
12
What is the remainder when 2560626 is divided by 16?
2
Calculate the remainder when 172623 is divided by 1424.
319
What is the remainder when 14801577 is divided by 13?
11
What is the remainder when 101699 is divided by 33613?
860
Calculate the remainder when 265822 is divided by 88523.
253
Calculate the remainder when 33118382 is divided by 2702.
2670
Calculate the remainder when 317162 is divided by 1525.
1487
What is the remainder when 5378694 is divided by 11113?
2
Calculate the remainder when 8860203 is divided by 328155.
18
What is the remainder when 279455 is divided by 23192?
1